ose m + 4*d - 30 = 0, -3*m + 11*d = 7*d - 74. Let x = 10 - 6. Suppose -46 = -x*b + 2*a, -2*b + a = -b - 9. What is the remainder when m is divided by b?
12
Suppose -379 = -3*k + a, 50*a - 51*a = 4*k - 510. What is the remainder when k is divided by 10?
7
Let r be (-4428)/(-14) - (-6)/(-21). Suppose 4*b - r = -5*w, 3*w - 2*w + b = 64. Suppose 2*j - 6*j = -w. Calculate the remainder when j is divided by 8.
7
Let b = 44 - 8. Let f(v) = 27*v + 1. Let s be f(1). Let m = -15 + s. What is the remainder when b is divided by m?
10
Suppose -11*v = 2*a - 7*v - 40, -5*a - v = -145. What is the remainder when a is divided by 20?
10
Let w(u) = u**2 - 20*u + 19. Let b be w(19). Suppose -48 = -3*z - 5*t, b = 5*z - 4*t - 20 - 97. Let p = 12 + -6. What is the remainder when z is divided by p?
3
Let q(b) = 38*b + 82. What is the remainder when -2 + 0 + 4 - -18 is divided by q(-2)?
2
Let n = -21 + 45. Let q(c) = 2*c - 5. Let j be q(4). What is the remainder when j/12 + (-837)/(-12) is divided by n?
22
Suppose 0 = -4*u - 5*w + 4, 24 = u - 2*w + 10. Suppose -4*x - 4*b - u = -6*x, 2*b + 47 = 5*x. What is the remainder when 65 is divided by x?
10
Suppose -4*b + 5*b = 5*x - 30, -55 = 2*b - 5*x. Let h = 33 + b. Suppose -22 = -4*l - y + 3*y, -3*y = 5*l. Calculate the remainder when h is divided by l.
2
Let y = -33 - -157. Let l(s) = s**3 + 6*s**2 - s + 2. What is the remainder when y is divided by l(-5)?
28
Let o(p) = p**3 + 7*p**2 - 2*p + 4. Let a = 23 + -19. Suppose 17 = -2*g - q, a*g + q + 33 = 2. Calculate the remainder when o(g) is divided by 5.
3
Calculate the remainder when ((-5)/(-15))/(1/618) is divided by 35.
31
Suppose -4*a + 9*a = 15. Suppose 82*v - 904 = -31*v. What is the remainder when v is divided by a?
2
Suppose -2*n - 5*g - 7 = -3*n, -2*n - 4*g = 0. Suppose -2*i - 4*q = -6, 3*i - 4*q - 1 = -n*i. What is the remainder when 1 is divided by i?
0
Let q(v) = 2*v**3 + 28*v**2 - 5*v - 41. What is the remainder when 114 is divided by q(-14)?
27
Let n(f) = -f**2 - 14*f + 25. Calculate the remainder when 150 is divided by n(-9).
10
Calculate the remainder when 96 is divided by -15*(-7)/35 - -32.
26
Let v = -269 + 327. Calculate the remainder when v is divided by (-2)/5 - 314/(-10).
27
Suppose -1795 = 5*n - 10*n. Suppose -2*w = 3*y - n, y + 3*y = -w + 472. Calculate the remainder when y is divided by 30.
27
Suppose -c + 2*c - 6 = 0. Let m(d) = -3*d + 21. Calculate the remainder when 10 is divided by m(c).
1
Let b(r) = -r**3 - 5*r**2 - 4*r - 3. Suppose -3*p + 9 = -3*m, 5*p + 3*m = 5*m + 24. Suppose -g + 21 - p = 0. Calculate the remainder when b(-6) is divided by g.
12
Let h(c) be the second derivative of 0 + 5*c + 11/2*c**2 + 4/3*c**3. Calculate the remainder when h(5) is divided by 13.
12
Suppose -2*h = 5*s - 2 + 74, s + 32 = 4*h. Let q = -11 - s. Suppose -4*b + 45 = g, 7*g + 10 = 2*b + q*g. What is the remainder when b is divided by 4?
2
Let j(r) = r**2 + r. Let d(o) = -4*o**2 - 5*o. Let x(f) = 2*d(f) + 9*j(f). Let k be 32/(-24) - (-32)/6. What is the remainder when 22 is divided by x(k)?
10
Let f be (8/6)/(12/18). Suppose -3*p + 0 - 3 = -4*l, 2*l = 2*p + f. What is the remainder when p*-61*(-3 + 4) is divided by 16?
13
Let u = 1655 - 942. What is the remainder when u is divided by 65?
63
Let n = 544 - 380. Let b = 377 - n. Calculate the remainder when b is divided by 24.
21
Let s(d) = d**3 + 12*d**2 - 2*d - 18. Let k = 20 + -32. Let j(o) = 2*o + 8. What is the remainder when j(6) is divided by s(k)?
2
Let d = 40 - -28. What is the remainder when 228 is divided by d?
24
Let n = -134 - -168. Calculate the remainder when n is divided by 6.
4
Let z(x) = -5*x - 28. Let y be z(-21). Calculate the remainder when 0 + (y/(-14))/((-1)/12) is divided by 35.
31
Suppose -3*l - 6*a + 8*a = -103, 0 = -5*l + 3*a + 170. Calculate the remainder when 139 is divided by l.
15
Suppose q = 13*q - 540. What is the remainder when q is divided by 13?
6
Let w be 8/(-12)*3*14/(-4). Let b = 21 - 13. Let s = w + b. Calculate the remainder when 59 is divided by s.
14
Let c = 2 + -2. Let u(m) = m**2 - m + 27. Let x = 50 - 43. Calculate the remainder when u(c) is divided by x.
6
Let p = -13 - -38. Let t(n) be the second derivative of n**3/6 + 15*n**2/2 - 2*n. Calculate the remainder when p is divided by t(0).
10
Suppose 2*l + 5 = -4*k - 3, -4*l - 3*k - 1 = 0. Let w(h) = 4*h + h**2 + 3*h + 2 - 2*h**2 - 4*h. Calculate the remainder when 15 is divided by w(l).
3
Let l = -44 - -45. Let n(y) = 4*y + 4. What is the remainder when 47 is divided by n(l)?
7
Let b be -1*116/5 - 1/(-5). Let t = 49 + b. What is the remainder when 101 is divided by t?
23
Let d = 394 - 252. Calculate the remainder when 5/10*(d + 0) is divided by 36*((-12)/(-8) - 1).
17
Suppose -4*l + 3*t - 20 = -t, 0 = -l + 3*t - 13. Calculate the remainder when (114/4)/((-3)/(-4)) is divided by -3 + ((5 + -2)*l - -19).
12
Let w = 2 - 2. Let f = w + 3. Suppose t = -k + 22, f*t - 5*k = 4*t - 34. What is the remainder when t is divided by 10?
9
Suppose 0 = -5*l - 34 + 404. Calculate the remainder when l is divided by 6.
2
What is the remainder when (21/(-14))/(6/(-124)*1) is divided by 17?
14
Suppose -41*s = -26*s - 150. Calculate the remainder when 309 is divided by s.
9
Let t(o) = -o**3 - 26*o**2 - 123*o - 15. Calculate the remainder when 132 is divided by t(-20).
42
Suppose -5*g + 214 = 3*w, -2*g - 4*w = 2*g - 176. Calculate the remainder when g is divided by 11.
8
Suppose -10*g + 69 - 29 = 0. Suppose -w - g*i = i - 12, 4*i = 3*w - 36. Calculate the remainder when 70 is divided by w.
10
Let z = 47 - -114. Calculate the remainder when z is divided by 21.
14
Suppose 2*x = -0 + 6. Let i = 21 - x. What is the remainder when 67 is divided by i?
13
Let k(i) = 2*i - 4. Let b be k(-4). Let l = 1 - b. What is the remainder when l is divided by 7?
6
Let s = 206 - 175. Calculate the remainder when 183 is divided by s.
28
Let l = 18 + -15. Let t(r) = -4*r - 17 - 5*r + l*r + 2*r. Calculate the remainder when 28 is divided by t(-8).
13
Suppose -5*w = -w - 124. Let n = -17 - -33. Calculate the remainder when w is divided by n.
15
Let p(n) = 12*n + 2. Let a be p(-1). Let h be (-5)/(a/94) - -1. Suppose -3*z = -0*z - h. Calculate the remainder when z is divided by 6.
4
Let a = -9 - -14. Suppose 0 = a*s + 18 - 8. What is the remainder when 19/(-8)*s*8 is divided by 13?
12
Suppose -4*t + 100 = -4*g, -4*t = -5*g - 84 - 23. Let m be -6*(2 - 1 - 0). What is the remainder when t is divided by ((m - 2) + 1)/(-1)?
4
Let c(b) = 6*b**2 - b. Let x be c(1). Suppose 0 = -x*d + 10*d - 30. What is the remainder when d is divided by (12/(-14))/((-3)/14)?
2
Let f(x) = 76*x**2 - 3*x - 4. What is the remainder when 372 is divided by f(-1)?
72
Suppose -i + 191 = 5*l, l + 2*l + 1039 = 5*i. Calculate the remainder when i is divided by 52.
50
Suppose a + 95 = 98. Let u = 1 - 6. Let i(x) = x**3 + 5*x**2 + 6. What is the remainder when i(u) is divided by a?
0
Suppose -20*z + 58 + 42 = 0. Calculate the remainder when 34 is divided by z.
4
What is the remainder when -3 + 7 + (354/2 - 2) is divided by 20?
19
Calculate the remainder when 176 is divided by 1*8/24 - 86/(-3).
2
Let i(f) = 6*f**2 + 30*f + 7. Let v = 60 - 36. Calculate the remainder when i(-7) is divided by v.
19
Suppose 35*j + 14*j = 833. Calculate the remainder when 90 is divided by j.
5
Let t be (-143)/52 + (-2)/8 - 96. Let x = -69 - t. What is the remainder when x is divided by 16?
14
Suppose 46*x - 8015 + 1207 = 0. What is the remainder when x is divided by 26?
18
Suppose -109 = -5*j - 2*r, 2*j - 2*r - r = 55. Suppose -2*w + j = -w. Calculate the remainder when w is divided by 6.
5
Let o(g) = g**3 + 5*g**2 + g. Let s be o(-3). Let d = -13 + s. Suppose -2*a = d*a - 164. Calculate the remainder when a is divided by 11.
8
Let b be (2 - 78) + (-3 - -2). Let i = b - -143. Let j = 100 - i. Calculate the remainder when j is divided by 6.
4
Suppose 24*h - 16*h - 208 = 0. What is the remainder when 66 is divided by h?
14
Suppose -411 = -7*a + 156. What is the remainder when a is divided by 29?
23
Suppose 0 = 16*v - 104 - 504. What is the remainder when 721 is divided by v?
37
Suppose j + 4 = 3*m + 40, -j + 20 = m. What is the remainder when 27 is divided by j?
3
Suppose 0 = 2*s + 2*c - 6 - 42, -4*s + 5*c = -51. Suppose 0*